) + (-3 + 14 + -8 - -10)?
6
0 + -14 + (1 - (-7 + (22 - 14)))
-14
What is the value of -12 - (11 + 5 + -43)?
15
What is 37 + -50 + -5 + (27 - -3)?
12
What is the value of -9 + 6 - (45 + 10 + -34)?
-24
Calculate -1 + -2 - (-6 - (-6 + (-7 - -11))).
1
(16 - 1) + (2 + 1 - 12)
6
What is (-20 - (-9 + -2)) + 3 + 2 + 0?
-4
Evaluate 3 + -13 + 7 - -6.
3
Evaluate 0 - (7 - (3 - (6 + 4))).
-14
What is the value of -3 + -3 - (-71 + 67 + 0 + -8)?
6
Calculate 17 + -32 + 0 + 1 - -31.
17
Evaluate 87 - 79 - (1 - 14) - 4.
17
What is -4 + (-86 - -79) + 1 + -1?
-11
What is (-4 - -10) + -3 + -14 - 1?
-12
Calculate 20 + -6 + (6 + 2 - 17) + 9.
14
What is -4 - (13 + -5) - -15?
3
Evaluate 23 + 23 - 46 - (0 + 1).
-1
Calculate -1 + 44 - (-30 - (-1 - 39)) - -2.
35
Calculate -17 + 10 + 5 + 0 + -2 + -2.
-6
Calculate -3 - (3 + 14) - (7 + -14).
-13
Calculate 0 - (38 - 37) - -33.
32
Calculate 17 + (0 - (8 - 2)) - 8.
3
Evaluate 2 + -2 - ((-11 - -6) + 1 + 5).
-1
Calculate 0 - (21 - (-8 + 8) - 56).
35
8 + -4 + 0 + -3 + 11
12
What is (-24 - -15) + 14 + (2 - -12) + 0?
19
What is (-298 - -309) + -1 + 0 + (-1 - 2)?
7
-39 + (95 - 38) + -1
17
-4 + (21 - 34) + 19
2
What is the value of (-3 - (-3 + -2) - (7 - -14)) + -6?
-25
-5 + 7 + -24 + (12 - -24)
14
Calculate 11 + (11 - (22 - 9)) - 8.
1
What is -12 - (-2 + (-3 - (2 - (-1 - -7))))?
-11
Calculate -5 + 31 + (-45 - -3).
-16
Calculate -13 + -24 + 64 + -17.
10
Calculate -8 + 9 + 6 - -1.
8
What is 6 + 1 - (-1 + 1) - (22 - 19)?
4
Evaluate (98 - 95) + (-4 - (-2 + 5)).
-4
Calculate 2 + (10 + 4 - (10 - (9 + -1))).
14
(-145 - -112) + (-2 - (-6 - 2)) - -8
-19
(-26 - 8 - 1) + 68
33
What is the value of 10 + 17 + (-20 - -4)?
11
What is the value of 3 + (9 - (6 + 0 - (12 + -3)))?
15
Evaluate -4 - (-12 + (-8 - -8 - (-9 - 2))).
-3
4 + -1 + (-1 - (46 + -32))
-12
0 + 0 + (19 - -14 - 17)
16
(-491 - -504) + (4 - 2) + -7
8
What is the value of 0 + -7 + 1 + 8 - (21 + -8)?
-11
1 - 33 - (629 - 648)
-13
(-44 + 16 - -100) + -39
33
Evaluate (0 - -2) + 0 + -121 + 6 + 91.
-22
Evaluate (7 - (24 + -11)) + (12 - 11).
-5
What is the value of -542 - -572 - (26 + -2)?
6
What is the value of 1 + (17 - (12 + 23))?
-17
Evaluate (17 + -22 - (-20 - (-5 - 4))) + -6.
0
107 + -120 - (-6 + -1)
-6
What is the value of (-1 - -18) + (-15 - -11 - 3) + 14?
24
What is the value of (-5 - (-6 + 9)) + 16?
8
Calculate -3 - (-3 - 5) - (8 + -2).
-1
Evaluate 1411 + -1445 - (-10 + -1).
-23
What is 100 - 92 - (-4 + 2 - -2)?
8
What is the value of 6 - ((-9 - (0 + -4)) + 5) - 2?
4
What is -9 + (40 - 6) + 2 + -18?
9
What is -29 + 17 + -10 + 8?
-14
-1 - 4 - (-5 - -17)
-17
2 + -1 + 10 + -9 + 0
2
What is 1 + 5 + (10 - 14 - -1) + -11?
-8
What is the value of 4 - (19 + -39 - -22)?
2
Evaluate (2 - 3) + -9 + (-127 + 90 - -33).
-14
What is the value of -11 - (-19 + 40 + -9 - -11)?
-34
37 + -42 + (-8 - 22)
-35
Evaluate -15 + -8 + 23 + 3.
3
What is -9 + 9 + (-12 - -12)?
0
What is the value of -14 + -1 + 14 + -12?
-13
What is the value of -2 + 14 + 20 + -20?
12
Evaluate 19 - (2 - -3) - (4 + -5).
15
Evaluate (1 - 1 - 7) + (-12 - -7).
-12
Calculate 4 - (8 - (0 + 7 + 2)) - -2.
7
What is -6 - ((-2 - 1) + -7)?
4
7 + 8 + -6 + -18
-9
Calculate 16 - (49 + -35) - 1.
1
Evaluate -1 + 1 - ((-3 - -21) + -3 + 2).
-17
What is (-12 - -32) + (-33 - -14) + 20?
21
What is the value of -5 + (10 - 3) + 0 + -1 + 4?
5
Evaluate 14 - 23 - ((2 - -3 - 4) + 0).
-10
-9 - -22 - (1 + (-2 - 8))
22
3 - 1 - (11 + -7) - (16 - 0)
-18
What is the value of -1 + -7 - (-31 + 27)?
-4
-26 - (-13 - (-27 + 50))
10
What is 1 + 6 + -7 + (26 - 44)?
-18
Evaluate -60 - (19 + -58) - -20.
-1
What is the value of 3 + (-6 - (-15 + 12)) + (-1 - 8)?
-9
Calculate -27 + (-10 + 20 - -4) + 11.
-2
Calculate 10 + (4 + 0 - 8) - (-6 - -3).
9
Calculate (-13 - (2 - -2)) + (9 - (15 + -6)).
-17
16 - (100 + -117 + 3 + 13)
17
What is -6 - (-10 + (-3 - 0)) - 13 - -10?
4
Calculate 38 + -9 + -51 + -5.
-27
18 - (-10 - (-15 - (-23 - 0)))
36
What is the value of -10 + ((5 - 3) + 4 - 4)?
-8
Calculate (-25 - -8) + (19 - -4).
6
Calculate (5 + -2 - 1 - -4) + -5 - -1.
2
What is the value of -32 - -22 - (-5 - (6 + -4))?
-3
33 + (-27 - (14 + -19))
11
Evaluate (0 - (-2 - -6)) + (70 - 69) + -1.
-4
What is 1 + 21 + (-1 + 4 - 11)?
14
What is -22 + 32 - (3 - 3)?
10
What is -8 + 4 + 1 + 14 - -7?
18
What is (-17 - -24) + -3 + -1?
3
What is -25 + -9 + -5 + 17 - 0?
-22
What is (0 - (19 + -16)) + 14?
11
-27 + (-2 - (-18 + (4 - -6 - 4)))
-17
What is 54 + -39 + 0 + -5?
10
-6 - (1 + -8 + (51 - 58))
8
What is 8 + -12 + (11 - 11)?
-4
What is 13 - (-36 - -54) - -8?
3
Calculate 9 - (-26 + 12 - -7).
16
What is the value of (3 - -6) + -5 + -10?
-6
Calculate ((7 - -1) + -3 - (1 + 3)) + 27.
28
Evaluate (-10 - -11 - -11) + -9.
3
-28 - -44 - (15 + -13)
14
(3 - (6 - -1)) + -24 + 7
-21
What is the value of 15 - 27 - (-4 + -5)?
-3
What is the value of 144 + -162 - (2 + -7 + 3)?
-16
Calculate 1 + -8 + (0 - 2) + -288 + 293.
-4
Evaluate (-38 - (-22 + -17)) + (-4 - 2) + 0.
-5
Calculate 35 - (-13 - (-31 + 7)).
24
-16 + -3 + 17 + (6 - 14)
-10
What is -74 + 65 + (-3 - (-3 + -12 - -1))?
2
What is the value of (28 - 36) + 36 + -2 + 1 + -1?
26
Evaluate (0 - 0) + -57 + 56.
-1
What is (-7 + (3 - 7) - -3) + -10 + 7?
-11
What is (-13 + -1 - (-12 - -23 - 20)) + 14?
9
31 + (-46 - -35) - (-3 + (0 - 1))
24
What is (2 - 2) + (33 - 25) - 10?
-2
What is the value of (-1 - -36) + (3 - 25) + 13?
26
What is (1 - 17) + 135 + -126 + 1?
-6
Evaluate (1255 - 1249) + -1 + (2 - 8).
-1
2 - -51 - (818 - 786)
21
Calculate (1 - -4) + -17 + (5 - -12) - 14.
-9
-13 - ((-2 - 7) + -2 + 15 + 3)
-20
What is 6 - (23 + 8 + 0)?
-25
Calculate 1 - (-11 - -8 - -5 - -3).
-4
What is the value of 4 + (17 + (-35 - -10) - (-1 - -19))?
-22
What is the value of -43 + (1 + 11 - (-67 - -69))?
-33
What is the value of -37 + 2 + (-23 + 30 - -7 - 13)?
-34
What is 3 + -9 + 10 + -4 - -18?
18
What is 1 + 3 - 1 - (18 + -23) - -5?
13
What is the value of 7 + (9 - 36) + -5 - (-1 - 5)?
-19
What is the value of 19 + -11 + 16 - 15 - 16?
-7
Calculate 1 + -6 + (7 - (1 - (1 + -7))).
-5
Evaluate (29 - (28 - 19)) + -5.
15
Evaluate 2 + (-5 - -34) + -22.
9
What is the value of -18 - (10 + -4 - 30)?
6
Evaluate (0 - (4 + -3 + -1)) + (-10 - -1).
-9
Evaluate -7 - (13 - (-1 - (-16 - -12))).
-17
What is 12 + (-50 - ((-20 - -23) + -21))?
-20
-2 - (16 + (16 - 32) - (0 - -1))
-1
What is 10 - 5 - (44 - 42 - (-13 + 0))?
-10
Evaluate -4 + (-20 - -27) - 10.
-7
(20 + 1 - 1) + (31 - 41)
10
What is -8 + 11 + -5 - 5 - (-5 + 8)?
-10
Evaluate 6 + -1 + (-6 + 32 - 22).
9
What is the value of -34 + -35 + 3 + 82?
16
(-13 - (-9 - 5)) + -3
-2
What is the value of (2 - -13) + 84 + -83?
16
Evaluate 8 + (9 + -25 + 16 - 10).
-2
What is the value of -9 + (-11 - 9) + 23 + -14?
-20
Evaluate (-75 - -74) + (4 - (-4 + 0 + -4)).
11
What is the value of -4238 + 4243 - (-1 + 0 + 0)?
6
Evaluate 12 + -6 + (-23 - -52).
35
(11 - 8 - -3) + 3 + -6
3
What is the value of -20 - -15 - (-5 + (11 - 8) - -10)?
-13
Calculate -19 + 7 + 10 + 1 + (9 - -4).
12
What is the value of 28 - (13 + 5 + -2)?
12
14 + -4 + -9 - ((-1 - 1) + 15)
-12
Calculate -19 + 9 - (-13 + -10).
13
What is the value of (12 - (2 + 1)) + (-20 - (-22 - -19))?
-8
What is the value of -1 - -1 - -8 - (-754 - -746)?
16
Evaluate 55 - 44 - (14 + 2).
-5
What is the value of 4 - (-16 - (-8 + 4 + 10))?
26
Calculate 0 + (1 + -5 + 4 - -6) - 3.
3
What is (7 - 9) + -2 + 5 + -7?
-6
What is the value of 20 - (-3 + 23) - (2 + (-1 - -4))?
-5
What is 0 + -38 + -1 + -819 + 835?
-23
Calculate (-4 - (-15 + (0 - -10 - 4))) + 14.
19
17 - (-4 - 3 - -1 - -12)
11
What is the value of (-18 - -19) + -13 + (-3 - 7)?
-22
What is (29 + -13 - 10) + 0 + 1?
7
25 + -33 + (43 - 9)
26
What is 32 + -35 + 4 + (0 - -12)?
13
What is the value of 1 + (-5 - (-2 - 10)) + -5 + 0?
3
What is the value of (41 - 45) + (-4 + 7 + 0 - -6)?
5
What is -11 + (7 - 6) + 5 + 6?
1
Evaluate -2 + 13 - (27 - ((-6 - -1) + 4)).
-17
What is 82 + -63 + (-1 - 0 - 10)?
8
Calculate 6 + (-5 - 4 - -5) + -15.
-13
What is the value of 21 - (14 - -20) - -28?
15
What is (-9 - (5 - (14 - -5))) + (-1 - 1)?
3
What is the value of 27 + -36 + 21 + 0 + -8?
4
What is the value of 7 + -48 + (-27 - -49)?
-19
What is 43 + -12 + 20 - 26?
25
What is the value of -2 - (15 + -11 + -4)?
-2
-8 - (13 - (4 - -11))
-6
Calculate (9 + 7 - 22) + (-12 - -4).
-14
